15*r + 13. Let b = 263 + -263. Suppose 18*f + 6*f + 384 = b. Give t(f).
-3
Let f(x) = -x**3 + 5*x**2 + 4*x - 1. Suppose 5*k + 3234 = -k. Let v = -534 - k. Give f(v).
19
Let f(y) = 2*y - 3. Let i = -3518 - -3516. Calculate f(i).
-7
Let j(z) = -z**2 - 3*z + 2. Let l(x) = -9*x + 34 + 0*x**2 - 3*x**2 + 27 - 53. Let y be l(-4). Calculate j(y).
-2
Suppose 5*s = -5, 2*j - 312*s = -313*s + 11. Let g(i) = -8*i + 2. Calculate g(j).
-46
Let r be (2202/4771)/(4/26). Let j(m) = 14*m - 15. Let w(y) = -5*y + 5. Let f(d) = 4*j(d) + 11*w(d). What is f(r)?
-2
Suppose -9 + 18 = -3*b. Let i(a) = 13. Let h(r) = r - 14. Let v(u) = b*h(u) - 4*i(u). Determine v(-6).
8
Let f(v) = 6 + 10 + 9 - 2 - 8*v - 49. Give f(-4).
6
Let a(q) be the third derivative of 154*q**2 + 0*q + 4/3*q**3 + 0 - 1/24*q**4. Determine a(3).
5
Let z(w) = -8*w**2 - 255*w + 237. Let r(c) = 3*c**2 + 91*c - 79. Let y(p) = 11*r(p) + 4*z(p). Calculate y(12).
-5
Suppose -6*t = -7*t + 2. Let b be (33/4)/(-3)*(t - 6). Suppose -3*s = b - 2. Let k(a) = -a**2 + 3. Give k(s).
-6
Let a(d) = d**3 + 5*d**2 + 3*d + 3. Let g be (-172)/(-10) + (-7)/(245/(-28)). Suppose -26 = g*v + 28. What is a(v)?
12
Let q be -8*(-6 - -3 - -4). Let s = 9 + q. Let h(p) = 6*p**2 + 6*p**2 - 659 + 660 - 5*p**2. What is h(s)?
8
Let i(z) be the first derivative of -7*z**4/6 + z**3/3 - z**2/2 + 80*z - 308. Let h(o) be the first derivative of i(o). Determine h(1).
-13
Suppose 0 = 441*x - 439*x - 20. Let j(c) = -c - x + 18 - 5 + c**2. Calculate j(3).
9
Let x(n) = -11*n**2 - 5*n - 12. Let a(m) = -3*m**2 + 3*m + 1. Let t(y) = -4*a(y) + x(y). Calculate t(15).
-46
Suppose 3*s = 5*q - 93, -25*s = 2*q - 20*s - 31. Let c(n) be the first derivative of q + 1/2*n**2 + 10*n. What is c(-6)?
4
Let u = 104 - 22. Let p = -72 + u. Let l(g) = g**2 - 10*g - 3. Calculate l(p).
-3
Let p(h) be the third derivative of h**8/20160 + h**7/560 + h**6/120 + 229*h**5/60 + 189*h**2 + 1. Let u(f) be the third derivative of p(f). Give u(-8).
-2
Let c(n) = 3*n + 21. Let q = 9 + -16. Let g be c(q). Suppose g*y = y + 4. Let m(z) = 3*z + 3. What is m(y)?
-9
Suppose l = 2*i + i - 55, 0 = -4*i + 3*l + 65. Let x(c) = -i - 5*c + 5*c + 23 - 2*c. Calculate x(6).
-9
Let d(o) = -46*o**2 + 36. Let c(i) = 107*i**2 + i - 73. Let t(r) = 3*c(r) + 7*d(r). What is t(-4)?
5
Let h(s) = 3*s + 31. Let u(v) be the second derivative of v**5/20 - 2*v**4/3 + v**3/3 + 13*v**2 + 129*v. Let b be u(7). Calculate h(b).
4
Let q = 19 + -15. Let w(i) = 3 + 3 - i - 3 - q. Let f = 112 + -113. Calculate w(f).
0
Let v(l) = -l - 2. Let t(y) = 8*y**2 + 27*y - 24. Let h(f) = -t(f) - 4*v(f). Let w(s) = 7*s**2 + 22*s - 31. Let x(j) = 6*h(j) + 7*w(j). Determine x(-17).
-8
Let p(c) = -c**2 + 22*c + 241. Let t be -3 + (-27)/(-12)*924/63. What is p(t)?
1
Let u = 2592 + -2590. Let n(p) = -31*p + 58. Give n(u).
-4
Suppose 0 = -4*n - 3*q - 1, -5*n = -4*n + 5*q + 13. Let h(b) = -8 + 0 - 7*b + b + b**2 + 0*b**n. Let f(p) = 8*p**2 - 2*p + 1. Let x be f(1). Determine h(x).
-1
Suppose -36 = 4*w - 2*y, 72*w - 9 = 73*w + y. Let a(b) be the first derivative of -b**4/4 - 3*b**3 - 8*b + 12. Determine a(w).
-8
Suppose 7*b - 65 = 2*b. Suppose 3*r = -19*w + 22*w + 48, 4*r = -12. Let v = w + b. Let q(i) = i**3 + 6*i**2 + 4*i + 5. Calculate q(v).
-19
Let o(l) = 3*l**3 + 17*l**2 + 22*l - 202. Let m(t) = t**3 + 9*t**2 + 11*t - 82. Let u(i) = -5*m(i) + 2*o(i). Calculate u(12).
18
Let z(d) = -d**2 - 65*d - 550. Suppose 5*x = -6*b - 263, -b + 170 = -4*x - 52. Determine z(x).
0
Let v(l) = -41*l**2 - 28*l - 66. Let d(g) = 37*g**2 + 27*g + 66. Let r(c) = 10*d(c) + 9*v(c). What is r(-4)?
10
Let l be (-11 - -9)*110/4. Let h = l - -57. Let p(x) = -2*x + 4. Let m(y) = y - 2. Let a(k) = h*p(k) + 5*m(k). Determine a(5).
3
Let r(m) = m**2 + 4*m + 3. Let s(t) = -4*t**3 + 1. Let u be s(2). Let i = u + 37. Suppose -2*b = -0 + i. Give r(b).
0
Let x(h) = -2*h**2 + 5*h - 5. Let a(k) = k**2 - 3*k + 2. Suppose 66 = 35*n - 2*n. Let y(t) = n*x(t) + 5*a(t). Give y(4).
-4
Let p(o) be the third derivative of -o**6/120 + o**5/10 + o**4/3 - 7*o**3/6 + 1783*o**2. Give p(6).
41
Suppose -10*g + 7*g = -6. Let r(z) = z**3 - z**2 + 10*z - 3 - 5*z**g - 4*z**2. Let u be r(9). Let h(w) = w + 1. Determine h(u).
7
Let a(p) = -460*p**2 - 17*p - 466*p**2 - p**3 + 21 + 909*p**2. Calculate a(-16).
37
Let z be 13 - (7 - (-1 + -2)). Let o(w) = -w**2 - w - 2. Calculate o(z).
-14
Let t(j) be the third derivative of j**7/840 - j**6/180 - j**5/120 - j**4/8 + 73*j**3/3 + 162*j**2. Let l(a) be the first derivative of t(a). Give l(3).
3
Suppose 4*t + 5 = 21. Let x(b) = -t + 4*b - 3 - 2*b. Let i be -240 + 253 - 8*1. Give x(i).
3
Let d(h) = 4*h**2. Suppose -73 = -3*a - 19. Suppose 3*q + 191 = -5*v, -v = q + 19 + a. Let o = 39 + v. Determine d(o).
4
Let p(i) = 14 - 2*i + 4*i - 3*i + 17. What is p(39)?
-8
Let u(s) be the first derivative of -s**4/4 - 2*s**3 - s**2/2 + 5*s - 65229. Let f = -12 + 7. Calculate u(f).
-15
Let r(u) = u**3 - 1. Let a(n) = 5*n**3 + 5*n**2 - 6*n - 5. Let c(v) = -a(v) + 4*r(v). Suppose 0 = 4*i + 12, -3*g - 46 + 13 = 5*i. What is c(g)?
1
Let o(k) = k**2 + 185 + k**2 - 4*k - 371 + 183 + k. Suppose 5*m - 2*i - 37 = 0, -2*i - i + 21 = m. Let p be 2/m - (-25)/9. Determine o(p).
6
Let o(n) = 11 - 2065*n + 1045*n + 1031*n. Determine o(4).
55
Let o(d) = -2*d**2 + 8*d + 10. Let r(p) = -9*p**2 + 2*p - 5. Let s(q) = 8*q**2 + 5. Let h(f) = 4*r(f) + 5*s(f). Let i be h(-2). Give o(i).
0
Let m(a) be the first derivative of -a**3/3 + 3*a**2/2 + a - 566. What is m(7)?
-27
Suppose 3*l = -5*k - 75, l + 75 = -4*k + 8. Let d(j) = -4*j - 42. Determine d(k).
30
Suppose 2*f + 5*z = 14, -4*f - z + 6 = -2*f. Let i(d) = 9355*d - 1 + f + d**3 + 6*d**2 - 9356*d. Determine i(-6).
7
Let a(g) be the second derivative of -g**3/3 + 9*g**2/2 + 8*g - 32. What is a(7)?
-5
Let c(m) = -9*m**3 + m. Suppose w = -2*w + 3*y - 21, 4*y = -5*w + 1. Let t be w/5 + (-30)/75. Let a be (t - 0) + 1 + 1. Determine c(a).
-8
Suppose -2*s - 32*u - 48 = -36*u, -60 = 10*s - 2*u. Let j(a) = -4*a**2 + a + a**3 - 3*a**3 + a**3 - 3. Determine j(s).
-7
Let c(m) = m**3 + 5*m. Let o(g) = -5*g**3 + 5*g**2 - 11*g - 7. Let d(x) = 2*c(x) + o(x). Determine d(3).
-46
Let c = -51 + 57. Suppose -c = 5*x - 2*f + 20, -2*x = -3*f + 17. Let j be 6/(-24) - x/16. Let m(w) = w**2 - 4. What is m(j)?
-4
Suppose -3*l + 9 = -u, 42*l - 13 = 3*u + 40*l. Let h(t) = 15*t + 1. Let g(b) = -44*b - 2. Let k(q) = -5*g(q) - 14*h(q). What is k(u)?
-34
Let z(u) = -8*u**2 + u + 1. Let m(r) = 25*r**2 - 7*r - 8. Let p(j) = -m(j) - 4*z(j). Give p(-2).
26
Let g(v) = -5*v - 13 + 11 - 3. Let f be g(-3). Let k(d) = d + 17 - d**3 - f*d**2 - 9*d - 18. Determine k(-9).
-10
Let j = -219 - -222. Let y(b) = 14*b + 9*b + 5*b**2 - 24*b - b**j. Give y(5).
-5
Suppose 4*t - 2*t = t. Suppose 5*m = -d - t*d, 2*m = -2*d + 8. Let p(f) = f**2 - 7*f + 4. Calculate p(d).
-6
Let w(y) = y + 1. Let l(s) = 3*s - 8. Let t be l(5). Let q = 12 - t. Suppose 3*o + 14 = q*o. Calculate w(o).
8
Let l(x) = -75*x + 298. Let g be l(4). Let b(d) be the second derivative of 2*d**3/3 + 3*d**2/2 - 2*d. What is b(g)?
-5
Let m(a) = 7*a**2 - 52*a + 501. Let g(l) = -2*l**2 + l + 35. Let f(d) = -3*g(d) - m(d). Give f(24).
-6
Suppose -3*y = f - 9, 4*y - 10 = 5*f - 7*f. Let u be (-16 + 0)/y*(-10)/8. Let g(q) = -q**3 + 4*q**2 + 4*q + 1. Give g(u).
-4
Let k(r) = 96 + 3*r - 40 + r - 49 + r. Calculate k(-3).
-8
Let s(r) be the second derivative of -84 + 1/2*r**2 + 7/6*r**3 + 2*r. Let t(g) = -g**3 - 3*g**2 + 3*g - 3. Let x be t(-4). Determine s(x).
8
Let i(h) = 3*h**3 + 6*h**3 + 10*h**2 - 5 - 15*h + 14*h - 12*h**3. Let t(l) = -4*l**3 + 11*l**2 - l - 6. Let n(u) = 5*i(u) - 4*t(u). Determine n(-6).
5
Let x(p) = 8*p**2 + 30*p + 82. Let v(f) = 7*f**2 + 30*f + 77. Let o(b) = -7*v(b) + 6*x(b). Determine o(-28).
9
Let k(g) be the first derivative of g**4/4 + g**3 + g**2/2 - g - 2. Let d be 35/(-28)*4*(-16)/(-20). What is k(d)?
-21
Let z(m) = -2*m**3 - m**2 + 4*m + 1. Let h(l) = -13*l**3 - 14*l**2 + 38*l + 12. Let n(p) = h(p) - 7*z(p). What is n(6)?
29
Let b(w) be the second derivative of w**3/3 + 13*w**2 + 96*w + 5. Give b(9).
44
Let p(c) = -c**2 + 57. Suppose -320*x = -322*x. Calculate p(x).
57
Let c be 2/19 + (-8)/(-18) + 3916/342. Let m(a) = 2*a**2 - 25*a + 18. What is m(c)?
6
Let o(v) be the first derivative of -v*